{"id":1171,"date":"2019-03-14T13:52:40","date_gmt":"2019-03-14T12:52:40","guid":{"rendered":"http:\/\/vincentdezeuze.neowp.fr\/?page_id=1171"},"modified":"2024-08-13T17:40:44","modified_gmt":"2024-08-13T15:40:44","slug":"langage","status":"publish","type":"page","link":"https:\/\/vincent.dezeuze.com\/index.php\/langage\/","title":{"rendered":"Langage"},"content":{"rendered":"<p>[et_pb_section fb_built=\u00a0\u00bb1&Prime; _builder_version=\u00a0\u00bb4.16&Prime; global_colors_info=\u00a0\u00bb{}\u00a0\u00bb][et_pb_row column_structure=\u00a0\u00bb1_2,1_2&Prime; _builder_version=\u00a0\u00bb4.27.0&Prime; global_colors_info=\u00a0\u00bb{}\u00a0\u00bb][et_pb_column type=\u00a0\u00bb1_2&Prime; _builder_version=\u00a0\u00bb4.16&Prime; custom_padding=\u00a0\u00bb|||\u00a0\u00bb global_colors_info=\u00a0\u00bb{}\u00a0\u00bb custom_padding__hover=\u00a0\u00bb|||\u00a0\u00bb][et_pb_text _builder_version=\u00a0\u00bb4.16&Prime; text_font=\u00a0\u00bb||||||||\u00a0\u00bb custom_margin=\u00a0\u00bb|||20px\u00a0\u00bb global_colors_info=\u00a0\u00bb{}\u00a0\u00bb min_height=\u00a0\u00bb353.2px\u00a0\u00bb]<\/p>\n<p><strong>ALPHABET<br \/><\/strong><br \/>La lettre, le signe qui permet de communiquer. L\u2019estampe est \u00e0 l\u2019\u00e9vidence le m\u00e9dium appropri\u00e9 pour montrer le signe, elle a toujours \u00e9t\u00e9 le support de la m\u00e9moire et de l\u2019\u00e9crit, donc de l\u2019\u00e9change. Le langage est formateur d\u2019une construction mentale.<\/p>\n<p>&nbsp;<\/p>\n<p>&nbsp;<\/p>\n<p>La lettre ou l\u2019id\u00e9ogramme sont issus d\u2019une repr\u00e9sentation du r\u00e9el, un sch\u00e9ma qui a \u00e9t\u00e9 rendu abstrait par l\u2019usage et la simplification due \u00e0 sa grande reproduction.<\/p>\n<p>[\/et_pb_text][et_pb_testimonial author=\u00a0\u00bb\u00ab La biblioth\u00e8que de Babel \u00bb, Jorge Luis Borges, Fictions\u00a0\u00bb portrait_width=\u00a0\u00bb0px\u00a0\u00bb portrait_height=\u00a0\u00bb0px\u00a0\u00bb _builder_version=\u00a0\u00bb4.16&Prime; custom_margin=\u00a0\u00bb20px|||20px\u00a0\u00bb border_radii_portrait=\u00a0\u00bbon|0px|0px|0px|0px\u00a0\u00bb global_colors_info=\u00a0\u00bb{}\u00a0\u00bb]<\/p>\n<p>Je ne puis combiner une s\u00e9rie quelconque de caract\u00e8res, par exemple :<br \/> dhcmrlchtdj<br \/> que la divine Biblioth\u00e8que n\u2019ait d\u00e9j\u00e0 pr\u00e9vu, et qui dans quelqu\u2019une de ses langues secr\u00e8tes ne renferme une signification terrible. Personne ne peut articuler une syllabe qui ne soit pleine de tendresses et de terreurs, qui ne soit quelque part le nom puissant d\u2019un dieu. Parler, c\u2019est tomber dans la tautologie.<\/p>\n<p>[\/et_pb_testimonial][\/et_pb_column][et_pb_column type=\u00a0\u00bb1_2&Prime; _builder_version=\u00a0\u00bb4.16&Prime; custom_padding=\u00a0\u00bb|||\u00a0\u00bb global_colors_info=\u00a0\u00bb{}\u00a0\u00bb custom_padding__hover=\u00a0\u00bb|||\u00a0\u00bb][et_pb_gallery gallery_ids=\u00a0\u00bb2461,2460,2459,2463&Prime; fullwidth=\u00a0\u00bbon\u00a0\u00bb _builder_version=\u00a0\u00bb4.27.0&Prime; _module_preset=\u00a0\u00bbdefault\u00a0\u00bb width=\u00a0\u00bb100%\u00a0\u00bb animation_style=\u00a0\u00bbfade\u00a0\u00bb animation_duration=\u00a0\u00bb850ms\u00a0\u00bb auto=\u00a0\u00bbon\u00a0\u00bb hover_enabled=\u00a0\u00bb0&Prime; global_colors_info=\u00a0\u00bb{}\u00a0\u00bb sticky_enabled=\u00a0\u00bb0&Prime;][\/et_pb_gallery][et_pb_text _builder_version=\u00a0\u00bb4.27.0&Prime; _module_preset=\u00a0\u00bbdefault\u00a0\u00bb global_colors_info=\u00a0\u00bb{}\u00a0\u00bb]<\/p>\n<p>S\u00e9rie Alphabet 2007, 65x50cm<\/p>\n<p>[\/et_pb_text][\/et_pb_column][\/et_pb_row][et_pb_row column_structure=\u00a0\u00bb3_5,2_5&Prime; _builder_version=\u00a0\u00bb4.16&Prime; global_colors_info=\u00a0\u00bb{}\u00a0\u00bb][et_pb_column type=\u00a0\u00bb3_5&Prime; _builder_version=\u00a0\u00bb4.16&Prime; custom_padding=\u00a0\u00bb|||\u00a0\u00bb global_colors_info=\u00a0\u00bb{}\u00a0\u00bb custom_padding__hover=\u00a0\u00bb|||\u00a0\u00bb][et_pb_testimonial author=\u00a0\u00bbLa Bible &#8211; Gen\u00e8se 11:1 \u00e0 11:9&Prime; portrait_width=\u00a0\u00bb0px\u00a0\u00bb portrait_height=\u00a0\u00bb0px\u00a0\u00bb _builder_version=\u00a0\u00bb4.16&Prime; border_radii_portrait=\u00a0\u00bbon|0px|0px|0px|0px\u00a0\u00bb global_colors_info=\u00a0\u00bb{}\u00a0\u00bb]<\/p>\n<p>La terre enti\u00e8re se servait de la m\u00eame langue et des m\u00eames mots. Or en se d\u00e9pla\u00e7ant vers l\u2019orient, les hommes d\u00e9couvrirent une plaine dans le pays de Shin\u00e9ar et y habit\u00e8rent. Ils se dirent l\u2019un \u00e0 l\u2019autre : \u00abAllons ! Moulons des briques et cuisons-les au four\u00bb. Les briques leur servirent de pierre et le bitume leur servit de mortier. \u00abAllons ! Dirent-ils, b\u00e2tissons-nous une ville et une tour dont le sommet touche le ciel. Faisons-nous un nom afin de ne pas \u00eatre dispers\u00e9s sur toute la surface de la terre\u00bb. Le Seigneur descendit pour voir la ville et la tour que b\u00e2tissaient les fils d\u2019Adam.<\/p>\n<p>\u00abEh, dit le Seigneur, ils ne sont tous qu\u2019un peuple et qu\u2019une langue et c\u2019est l\u00e0 leur premier oeuvre ! Maintenant, rien de ce qu\u2019ils projetteront de faire ne leur sera inaccessible ! Allons, descendons et brouillons ici leur langue, qu\u2019ils ne s\u2019entendent plus les uns les autres !\u00bb De l\u00e0, le Seigneur les dispersa sur toute la surface de la terre et ils cess\u00e8rent de b\u00e2tir la ville. Aussi lui donna-t-on le nom de Babel car c\u2019est l\u00e0 que le Seigneur brouilla la langue de toute la terre, et c\u2019est de l\u00e0 que le Seigneur dispersa les hommes sur toute la surface de la terre.<\/p>\n<p>[\/et_pb_testimonial][\/et_pb_column][et_pb_column type=\u00a0\u00bb2_5&Prime; _builder_version=\u00a0\u00bb4.16&Prime; custom_padding=\u00a0\u00bb|||\u00a0\u00bb global_colors_info=\u00a0\u00bb{}\u00a0\u00bb custom_padding__hover=\u00a0\u00bb|||\u00a0\u00bb][et_pb_image src=\u00a0\u00bbhttp:\/\/vincent.dezeuze.com\/wp-content\/uploads\/2024\/07\/polaris-2003.jpg\u00a0\u00bb title_text=\u00a0\u00bbpolaris-2003&Prime; show_in_lightbox=\u00a0\u00bbon\u00a0\u00bb align_tablet=\u00a0\u00bbcenter\u00a0\u00bb align_phone=\u00a0\u00bbcenter\u00a0\u00bb align_last_edited=\u00a0\u00bbon|desktop\u00a0\u00bb _builder_version=\u00a0\u00bb4.27.0&Prime; max_width=\u00a0\u00bb100%\u00a0\u00bb module_alignment=\u00a0\u00bbcenter\u00a0\u00bb hover_enabled=\u00a0\u00bb0&Prime; global_colors_info=\u00a0\u00bb{}\u00a0\u00bb sticky_enabled=\u00a0\u00bb0&Prime;][\/et_pb_image][et_pb_text _builder_version=\u00a0\u00bb4.16&Prime; custom_margin=\u00a0\u00bb8px||\u00a0\u00bb global_colors_info=\u00a0\u00bb{}\u00a0\u00bb]<\/p>\n<p style=\"text-align: center\">POLARIS 2003, 50x30cm<\/p>\n<p>[\/et_pb_text][\/et_pb_column][\/et_pb_row][et_pb_row column_structure=\u00a0\u00bb1_2,1_2&Prime; _builder_version=\u00a0\u00bb4.16&Prime; global_colors_info=\u00a0\u00bb{}\u00a0\u00bb][et_pb_column type=\u00a0\u00bb1_2&Prime; _builder_version=\u00a0\u00bb4.16&Prime; custom_padding=\u00a0\u00bb|||\u00a0\u00bb global_colors_info=\u00a0\u00bb{}\u00a0\u00bb custom_padding__hover=\u00a0\u00bb|||\u00a0\u00bb][et_pb_image src=\u00a0\u00bbhttp:\/\/vincent.dezeuze.com\/wp-content\/uploads\/2024\/07\/tour.jpg\u00a0\u00bb title_text=\u00a0\u00bbtour\u00a0\u00bb show_in_lightbox=\u00a0\u00bbon\u00a0\u00bb align_tablet=\u00a0\u00bbcenter\u00a0\u00bb align_phone=\u00a0\u00bbcenter\u00a0\u00bb align_last_edited=\u00a0\u00bbon|desktop\u00a0\u00bb _builder_version=\u00a0\u00bb4.27.0&Prime; global_colors_info=\u00a0\u00bb{}\u00a0\u00bb][\/et_pb_image][et_pb_text _builder_version=\u00a0\u00bb4.16&Prime; global_colors_info=\u00a0\u00bb{}\u00a0\u00bb]<\/p>\n<p style=\"text-align: center\">LANGAGE 19\u00b0 2001, 210x150cm<\/p>\n<p>[\/et_pb_text][\/et_pb_column][et_pb_column type=\u00a0\u00bb1_2&Prime; _builder_version=\u00a0\u00bb4.16&Prime; custom_padding=\u00a0\u00bb|||\u00a0\u00bb global_colors_info=\u00a0\u00bb{}\u00a0\u00bb custom_padding__hover=\u00a0\u00bb|||\u00a0\u00bb][et_pb_image src=\u00a0\u00bbhttp:\/\/vincent.dezeuze.com\/wp-content\/uploads\/2024\/07\/tour2.jpg\u00a0\u00bb title_text=\u00a0\u00bbtour2&Prime; show_in_lightbox=\u00a0\u00bbon\u00a0\u00bb align_tablet=\u00a0\u00bbcenter\u00a0\u00bb align_phone=\u00a0\u00bbcenter\u00a0\u00bb align_last_edited=\u00a0\u00bbon|desktop\u00a0\u00bb _builder_version=\u00a0\u00bb4.27.0&Prime; global_colors_info=\u00a0\u00bb{}\u00a0\u00bb][\/et_pb_image][et_pb_text _builder_version=\u00a0\u00bb4.27.0&Prime; hover_enabled=\u00a0\u00bb0&Prime; global_colors_info=\u00a0\u00bb{}\u00a0\u00bb sticky_enabled=\u00a0\u00bb0&Prime;]<\/p>\n<p style=\"text-align: center;\">\u00c9L\u00c9VATION 2001, 210x75cm<\/p>\n<p>[\/et_pb_text][\/et_pb_column][\/et_pb_row][et_pb_row _builder_version=\u00a0\u00bb4.27.0&Prime; custom_margin=\u00a0\u00bb||||false|false\u00a0\u00bb hover_enabled=\u00a0\u00bb0&Prime; global_colors_info=\u00a0\u00bb{}\u00a0\u00bb sticky_enabled=\u00a0\u00bb0&Prime;][et_pb_column type=\u00a0\u00bb4_4&Prime; _builder_version=\u00a0\u00bb4.27.0&Prime; custom_padding=\u00a0\u00bb|||20px|false|false\u00a0\u00bb global_colors_info=\u00a0\u00bb{}\u00a0\u00bb custom_padding__hover=\u00a0\u00bb|||\u00a0\u00bb][et_pb_text _builder_version=\u00a0\u00bb4.27.0&Prime; text_font=\u00a0\u00bb||||||||\u00a0\u00bb min_height=\u00a0\u00bb187.8px\u00a0\u00bb custom_margin=\u00a0\u00bb0px||0px||true|\u00a0\u00bb global_colors_info=\u00a0\u00bb{}\u00a0\u00bb]<\/p>\n<p><strong>LA TOUR<br \/><\/strong><br \/>Dans le jeu de tarots, la tour, arcane seize, est situ\u00e9e entre le Diable, (l\u2019enfer, les profondeurs de la terre) arcane quinze, et l\u2019\u00e9toile, (la vo\u00fbte c\u00e9leste, le ciel) arcane dix-sept.<\/p>\n<p>Construire cette tour c\u2019est tenter de relier le monde profane et le monde sacr\u00e9 et de s\u2019\u00e9lever vers cette \u00e9vidence universelle qui nous touche par bribes, tentative de s\u2019\u00e9lever \u00e0 un niveau de conscience sup\u00e9rieur, \u00e0 partir duquel tout langage devient superflu.<\/p>\n<p>[\/et_pb_text][et_pb_testimonial author=\u00a0\u00bb\u00ab L\u2019homme \u00e9ternel \u00bb Pauwels et Bergier\u00a0\u00bb quote_icon=\u00a0\u00bboff\u00a0\u00bb portrait_width=\u00a0\u00bb0px\u00a0\u00bb portrait_height=\u00a0\u00bb0px\u00a0\u00bb _builder_version=\u00a0\u00bb4.27.0&Prime; custom_margin=\u00a0\u00bb0px||\u00a0\u00bb custom_padding=\u00a0\u00bb0px||\u00a0\u00bb hover_enabled=\u00a0\u00bb0&Prime; border_radii_portrait=\u00a0\u00bbon|0px|0px|0px|0px\u00a0\u00bb global_colors_info=\u00a0\u00bb{}\u00a0\u00bb sticky_enabled=\u00a0\u00bb0&Prime;]<\/p>\n<p>&nbsp;<\/p>\n<p>Il y aurait donc, selon les Anciens, un langage r\u00e9v\u00e9l\u00e9, dans lequel les noms ne seraient pas le symbole v\u00e9hiculaire des choses, mais l\u2019expression et la r\u00e9alit\u00e9 de la structure ultime des choses. Et nos langues ne seraient que le souvenir estomp\u00e9 de ce langage originel divin. Parfois, un mot para\u00eet encore rattach\u00e9 par quelque lien<br \/>t\u00e9nu \u00e0 sa racine divine.<\/p>\n<p>[\/et_pb_testimonial][\/et_pb_column][\/et_pb_row][et_pb_row column_structure=\u00a0\u00bb1_2,1_2&Prime; _builder_version=\u00a0\u00bb4.27.0&Prime; global_colors_info=\u00a0\u00bb{}\u00a0\u00bb min_height=\u00a0\u00bb655.7px\u00a0\u00bb][et_pb_column type=\u00a0\u00bb1_2&Prime; _builder_version=\u00a0\u00bb4.16&Prime; custom_padding=\u00a0\u00bb|||\u00a0\u00bb global_colors_info=\u00a0\u00bb{}\u00a0\u00bb custom_padding__hover=\u00a0\u00bb|||\u00a0\u00bb][et_pb_gallery gallery_ids=\u00a0\u00bb2186,2187,2188,2189,2190&Prime; fullwidth=\u00a0\u00bbon\u00a0\u00bb _builder_version=\u00a0\u00bb4.27.0&Prime; _module_preset=\u00a0\u00bbdefault\u00a0\u00bb width=\u00a0\u00bb100%\u00a0\u00bb animation_style=\u00a0\u00bbfade\u00a0\u00bb animation_duration=\u00a0\u00bb600ms\u00a0\u00bb auto=\u00a0\u00bbon\u00a0\u00bb hover_enabled=\u00a0\u00bb0&Prime; global_colors_info=\u00a0\u00bb{}\u00a0\u00bb sticky_enabled=\u00a0\u00bb0&Prime; min_height=\u00a0\u00bb542.2px\u00a0\u00bb custom_margin=\u00a0\u00bb||-1px|||\u00a0\u00bb][\/et_pb_gallery][et_pb_text _builder_version=\u00a0\u00bb4.27.0&Prime; _module_preset=\u00a0\u00bbdefault\u00a0\u00bb global_colors_info=\u00a0\u00bb{}\u00a0\u00bb]<\/p>\n<p>S\u00e9rie Marelles 2004, 32&#215;25 cm<\/p>\n<p>[\/et_pb_text][\/et_pb_column][et_pb_column type=\u00a0\u00bb1_2&Prime; _builder_version=\u00a0\u00bb4.16&Prime; custom_padding=\u00a0\u00bb|||\u00a0\u00bb global_colors_info=\u00a0\u00bb{}\u00a0\u00bb custom_padding__hover=\u00a0\u00bb|||\u00a0\u00bb][et_pb_text _builder_version=\u00a0\u00bb4.16&Prime; text_font=\u00a0\u00bb||||||||\u00a0\u00bb custom_margin=\u00a0\u00bb|||20px\u00a0\u00bb global_colors_info=\u00a0\u00bb{}\u00a0\u00bb]<\/p>\n<p><strong>MARELLE ET MATH\u00c9MATIQUES<br \/> <\/strong><br \/>Encore une fois la symbolique de la marelle nous emm\u00e8ne de la terre vers le ciel, son graphisme classique ressemble \u00e9trangement au plan d\u2019une \u00e9glise. Le cheminement du chiffre: comme le labyrinthe, la marelle nous convie \u00e0 un parcours initiatique qui s\u2019appuie cette fois sur le chiffre.<br \/>L\u2019\u00e9criture du chiffre s\u2019est unifi\u00e9e au fil du temps, \u00e0 travers le monde on trouvait diff\u00e9rents caract\u00e8res pour repr\u00e9senter un nombre, aujourd\u2019hui les logogrammes qui nous permettent de compter sont devenus les \u00e9l\u00e9ments d\u2019une langue quasi universelle.<\/p>\n<p>[\/et_pb_text][\/et_pb_column][\/et_pb_row][\/et_pb_section]<\/p>\n","protected":false},"excerpt":{"rendered":"<p>ALPHABETLa lettre, le signe qui permet de communiquer. L\u2019estampe est \u00e0 l\u2019\u00e9vidence le m\u00e9dium appropri\u00e9 pour montrer le signe, elle a toujours \u00e9t\u00e9 le support de la m\u00e9moire et de l\u2019\u00e9crit, donc de l\u2019\u00e9change. Le langage est formateur d\u2019une construction mentale. &nbsp; &nbsp; La lettre ou l\u2019id\u00e9ogramme sont issus d\u2019une repr\u00e9sentation du r\u00e9el, un sch\u00e9ma [&hellip;]<\/p>\n","protected":false},"author":2,"featured_media":0,"parent":0,"menu_order":0,"comment_status":"closed","ping_status":"closed","template":"","meta":{"_et_pb_use_builder":"on","_et_pb_old_content":"","_et_gb_content_width":"","footnotes":""},"class_list":["post-1171","page","type-page","status-publish","hentry"],"_links":{"self":[{"href":"https:\/\/vincent.dezeuze.com\/index.php\/wp-json\/wp\/v2\/pages\/1171","targetHints":{"allow":["GET"]}}],"collection":[{"href":"https:\/\/vincent.dezeuze.com\/index.php\/wp-json\/wp\/v2\/pages"}],"about":[{"href":"https:\/\/vincent.dezeuze.com\/index.php\/wp-json\/wp\/v2\/types\/page"}],"author":[{"embeddable":true,"href":"https:\/\/vincent.dezeuze.com\/index.php\/wp-json\/wp\/v2\/users\/2"}],"replies":[{"embeddable":true,"href":"https:\/\/vincent.dezeuze.com\/index.php\/wp-json\/wp\/v2\/comments?post=1171"}],"version-history":[{"count":16,"href":"https:\/\/vincent.dezeuze.com\/index.php\/wp-json\/wp\/v2\/pages\/1171\/revisions"}],"predecessor-version":[{"id":2470,"href":"https:\/\/vincent.dezeuze.com\/index.php\/wp-json\/wp\/v2\/pages\/1171\/revisions\/2470"}],"wp:attachment":[{"href":"https:\/\/vincent.dezeuze.com\/index.php\/wp-json\/wp\/v2\/media?parent=1171"}],"curies":[{"name":"wp","href":"https:\/\/api.w.org\/{rel}","templated":true}]}}